{"id":2172,"date":"2018-10-25T22:03:40","date_gmt":"2018-10-25T20:03:40","guid":{"rendered":"https:\/\/atelierturut.com\/?post_type=product&#038;p=2172"},"modified":"2025-08-24T17:23:04","modified_gmt":"2025-08-24T15:23:04","slug":"conographies-les-candidats","status":"publish","type":"product","link":"https:\/\/atelierturut.com\/?product=conographies-les-candidats","title":{"rendered":"Les Candidats"},"content":{"rendered":"","protected":false},"excerpt":{"rendered":"<p><span style=\"color: #c8c8c2;\"><strong>de\u00a0 LAURE CAL\u00c9<\/strong><strong><br \/>\n<\/strong><\/span><\/p>\n<hr \/>\n<ul>\n<li><span style=\"color: #c8c8c2;\">40 pages, 10\/19 cm<\/span><\/li>\n<li><span style=\"color: #c8c8c2;\">Impression quadrichromie<\/span><\/li>\n<li><span style=\"color: #c8c8c2;\">Papiers Munken Pure Rough 300 g \/ 150 g<\/span><\/li>\n<li><span style=\"color: #c8c8c2;\">Reliure cousue, couverture souple \u00e0 rabats<\/span><\/li>\n<li><span style=\"color: #c8c8c2;\"><span style=\"color: #c8c8c2;\">ISB<span style=\"color: #c8c8c8;\">N <\/span><\/span><\/span><span style=\"color: #c8c8c8;\">978-2-9534084-7-8<\/span><\/li>\n<\/ul>\n<hr \/>\n<p><strong><span style=\"color: #c8c8c8;\">Dans quelques jours s\u2019ouvriront les huiti\u00e8mes de finale des \u00e9lections providentielles, dont la couverture magn\u00e9tique sera assur\u00e9e en d\u00e9tail par l\u2019ensemble de nos envoy\u00e9s spatiaux. Seize candidats sont en lice pour le titre interplan\u00e9taire, d\u00e9fendu avec arrogance par le provident sortant \u00e0 la t\u00eate des ultra-min\u00e9raux.<br \/>\n<\/span><\/strong><\/p>\n<p><span style=\"color: #c8c8c8;\">Situ\u00e9 \u00e0 un carrefour improbable entre La guerre des \u00e9toiles et T\u00e9l\u00e9tactica, ce petit livre aux couleurs de jeu de construction vous offrira un regard oblique sur la g\u00e9opolitique interplan\u00e9taire et des outils indispensables pour labourer avec joie le champ s\u00e9mantique de nos mirifiques campagnes \u00e9lectorales.<\/span><\/p>\n<p><span style=\"color: #c8c8c8;\">\u00a0<\/span><\/p>\n","protected":false},"featured_media":2189,"template":"","meta":[],"product_brand":[],"product_cat":[17,50],"product_tag":[],"class_list":{"0":"post-2172","1":"product","2":"type-product","3":"status-publish","4":"has-post-thumbnail","6":"product_cat-plumes","7":"product_cat-format-poche","8":"product_shipping_class-plumes","10":"first","11":"instock","12":"shipping-taxable","13":"purchasable","14":"product-type-simple"},"_links":{"self":[{"href":"https:\/\/atelierturut.com\/index.php?rest_route=\/wp\/v2\/product\/2172","targetHints":{"allow":["GET"]}}],"collection":[{"href":"https:\/\/atelierturut.com\/index.php?rest_route=\/wp\/v2\/product"}],"about":[{"href":"https:\/\/atelierturut.com\/index.php?rest_route=\/wp\/v2\/types\/product"}],"wp:featuredmedia":[{"embeddable":true,"href":"https:\/\/atelierturut.com\/index.php?rest_route=\/wp\/v2\/media\/2189"}],"wp:attachment":[{"href":"https:\/\/atelierturut.com\/index.php?rest_route=%2Fwp%2Fv2%2Fmedia&parent=2172"}],"wp:term":[{"taxonomy":"product_brand","embeddable":true,"href":"https:\/\/atelierturut.com\/index.php?rest_route=%2Fwp%2Fv2%2Fproduct_brand&post=2172"},{"taxonomy":"product_cat","embeddable":true,"href":"https:\/\/atelierturut.com\/index.php?rest_route=%2Fwp%2Fv2%2Fproduct_cat&post=2172"},{"taxonomy":"product_tag","embeddable":true,"href":"https:\/\/atelierturut.com\/index.php?rest_route=%2Fwp%2Fv2%2Fproduct_tag&post=2172"}],"curies":[{"name":"wp","href":"https:\/\/api.w.org\/{rel}","templated":true}]}}