{"id":1696,"date":"2024-10-25T14:57:32","date_gmt":"2024-10-25T12:57:32","guid":{"rendered":"https:\/\/atelierturut.com\/?post_type=product&#038;p=1696"},"modified":"2026-04-01T17:52:54","modified_gmt":"2026-04-01T15:52:54","slug":"freakshow-comix-5-copie","status":"publish","type":"product","link":"https:\/\/atelierturut.com\/?product=freakshow-comix-5-copie","title":{"rendered":"KOLORIFIC"},"content":{"rendered":"","protected":false},"excerpt":{"rendered":"<p><span style=\"color: #c8c8c8;\"><strong>MASQUES ET M\u00c9TAMORPHOSES<br \/>\n<\/strong>Couverture : Marion Arbona<br \/>\n<\/span><\/p>\n<hr \/>\n<ul>\n<li><span style=\"color: #c8c8c8;\"><em>\u00c0 para\u00eetre en 2026<\/em><br \/>\n<\/span><\/li>\n<li><span style=\"color: #c8c8c8;\">Collectif, 160 pages, 19\/27 cm<\/span><\/li>\n<li><span style=\"color: #c8c8c8;\">Couverture imprim\u00e9e sur Coral Book White 300g<\/span><\/li>\n<li><span style=\"color: #c8c8c8;\">Pages imprim\u00e9es sur Munken Pure Rough 150g<\/span><\/li>\n<li><span style=\"color: #c8c8c8;\">Reliure cousue, couverture souple \u00e0 rabats<br \/>\n<\/span><\/li>\n<li><span style=\"color: #c8c8c8;\">ISBN 978-2-9566555-2-7<br \/>\n<\/span><\/li>\n<\/ul>\n<hr \/>\n<p><strong><span style=\"color: #c8c8c8;\">Mascarade, carnaval, folklore, cin\u00e9ma fantastique, danse joyeuse ou macabre, clown, travestissement, pluri-identit\u00e9&#8230; Dans le premier num\u00e9ro de cette revue donnant la part belle \u00e0 la couleur et \u00e0 l&rsquo;illustration, de nombreuses techniques sont repr\u00e9sent\u00e9es, offrant au lecteur une vari\u00e9t\u00e9 de styles et d&rsquo;interpr\u00e9tations graphiques autour du th\u00e8me du masque et de la m\u00e9tamorphose.<\/span><\/strong><\/p>\n<p><span style=\"color: #000000;\">.<\/span><\/p>\n<p><span style=\"color: #c8c8c8;\"><strong>AUTEURS <\/strong> : C\u00e9line Argence \/ Marko Dje\u0161ka \/ Ivana Ge\u010dek \/ Delphine Hermans \/ Korin Hunjak \/ Xavier De Kepper \/ Lea Kralj Jager \/ Anamarija Kvas \/ Capucine Latrasse \/ Li-Chin Lin \/ Guill\u00f4me Radi\u00f4m \/ Emmanuel Reuz\u00e9 \/ Tib-Gordon \/ Mislav Toma\u0161injak \/ AP Vrdoljak.<\/p>\n","protected":false},"featured_media":1697,"template":"","meta":[],"product_brand":[],"product_cat":[18,49],"product_tag":[],"class_list":{"0":"post-1696","1":"product","2":"type-product","3":"status-publish","4":"has-post-thumbnail","6":"product_cat-bulles","7":"product_cat-kolorific","8":"product_shipping_class-bulles","10":"first","11":"instock","12":"shipping-taxable","13":"product-type-simple"},"_links":{"self":[{"href":"https:\/\/atelierturut.com\/index.php?rest_route=\/wp\/v2\/product\/1696","targetHints":{"allow":["GET"]}}],"collection":[{"href":"https:\/\/atelierturut.com\/index.php?rest_route=\/wp\/v2\/product"}],"about":[{"href":"https:\/\/atelierturut.com\/index.php?rest_route=\/wp\/v2\/types\/product"}],"wp:featuredmedia":[{"embeddable":true,"href":"https:\/\/atelierturut.com\/index.php?rest_route=\/wp\/v2\/media\/1697"}],"wp:attachment":[{"href":"https:\/\/atelierturut.com\/index.php?rest_route=%2Fwp%2Fv2%2Fmedia&parent=1696"}],"wp:term":[{"taxonomy":"product_brand","embeddable":true,"href":"https:\/\/atelierturut.com\/index.php?rest_route=%2Fwp%2Fv2%2Fproduct_brand&post=1696"},{"taxonomy":"product_cat","embeddable":true,"href":"https:\/\/atelierturut.com\/index.php?rest_route=%2Fwp%2Fv2%2Fproduct_cat&post=1696"},{"taxonomy":"product_tag","embeddable":true,"href":"https:\/\/atelierturut.com\/index.php?rest_route=%2Fwp%2Fv2%2Fproduct_tag&post=1696"}],"curies":[{"name":"wp","href":"https:\/\/api.w.org\/{rel}","templated":true}]}}

<p><span style="color: #c8c8c8;"><strong>MASQUES ET MÉTAMORPHOSES<br />
</strong>Couverture : Marion Arbona<br />
</span></p>
<hr />
<ul>
<li><span style="color: #c8c8c8;"><em>À paraître en 2026</em><br />
</span></li>
<li><span style="color: #c8c8c8;">Collectif, 160 pages, 19/27 cm</span></li>
<li><span style="color: #c8c8c8;">Couverture imprimée sur Coral Book White 300g</span></li>
<li><span style="color: #c8c8c8;">Pages imprimées sur Munken Pure Rough 150g</span></li>
<li><span style="color: #c8c8c8;">Reliure cousue, couverture souple à rabats<br />
</span></li>
<li><span style="color: #c8c8c8;">ISBN 978-2-9566555-2-7<br />
</span></li>
</ul>
<hr />
<p><strong><span style="color: #c8c8c8;">Mascarade, carnaval, folklore, cinéma fantastique, danse joyeuse ou macabre, clown, travestissement, pluri-identité&#8230; Dans le premier numéro de cette revue donnant la part belle à la couleur et à l&rsquo;illustration, de nombreuses techniques sont représentées, offrant au lecteur une variété de styles et d&rsquo;interprétations graphiques autour du thème du masque et de la métamorphose.</span></strong></p>
<p><span style="color: #000000;">.</span></p>
<p><span style="color: #c8c8c8;"><strong>AUTEURS </strong> : Céline Argence / Marko Dješka / Ivana Geček / Delphine Hermans / Korin Hunjak / Xavier De Kepper / Lea Kralj Jager / Anamarija Kvas / Capucine Latrasse / Li-Chin Lin / Guillôme Radiôm / Emmanuel Reuzé / Tib-Gordon / Mislav Tomašinjak / AP Vrdoljak.</p>
