{"id":11,"date":"2018-10-23T15:25:00","date_gmt":"2018-10-23T13:25:00","guid":{"rendered":"https:\/\/atelierturut.com\/?post_type=product&#038;p=11"},"modified":"2025-08-24T17:22:42","modified_gmt":"2025-08-24T15:22:42","slug":"ame-et-voisins","status":"publish","type":"product","link":"https:\/\/atelierturut.com\/?product=ame-et-voisins","title":{"rendered":"\u00c2me et voisins"},"content":{"rendered":"","protected":false},"excerpt":{"rendered":"<p><span style=\"color: #c8c8c2;\"><strong>de\u00a0 LAURE CAL\u00c9<\/strong><strong><br \/>\n<\/strong><\/span><\/p>\n<hr \/>\n<ul>\n<li><span style=\"color: #c8c8c2;\">80 pages, 10\/19 cm<\/span><\/li>\n<li><span style=\"color: #c8c8c2;\">Impression quadrichromie<\/span><\/li>\n<li><span style=\"color: #c8c8c2;\">Papiers Munken Print Cream 300 g \/ Verg\u00e9 Rives 120 g<\/span><\/li>\n<li><span style=\"color: #c8c8c2;\">Reliure cousue, couverture souple \u00e0 rabats<\/span><\/li>\n<li><span style=\"color: #c8c8c2;\">ISBN 978-2-9534084-0-9<\/span><\/li>\n<\/ul>\n<hr \/>\n<p><strong><span style=\"color: #c8c8c8;\">Entrez, ch\u00e8res lectrices ! entrez, chers lecteurs ! entrez dans l\u2019antre parano\u00efde, entrez en chambre noire. Admirez la vue : ici, le familier, tout \u00e0 trac, se d\u00e9traque ; le quotidien par fric-frac se d\u00e9froque ; les voisins par alliance complotent, en mauvaise et due forme. Entrez, entrez, honn\u00eates gens : en cam\u00e9ristes attendus, offrez-vous le s\u00e9same, la vision panique et panoptique du petit th\u00e9\u00e2tre d\u2019 \u00ab \u00c2me et Voisins \u00bb, dont l\u2019\u0153il est le bailleur.<\/span><\/strong><\/p>\n<p><span style=\"color: #c8c8c8;\">Laure Cal\u00e9 est graphiste et plasticienne. Elle est dipl\u00f4m\u00e9e de l&rsquo;\u00c9cole Sup\u00e9rieure de l&rsquo;Image d&rsquo;Angoul\u00eame et de l&rsquo;\u00c9cole des Beaux-Arts de Toulouse.<br \/>\n\u00ab \u00c2me est voisins \u00bb est le premier volume de la collection Plumes. La collection accueille des textes courts, po\u00e8mes ou r\u00e9cits, auxquels s\u2019ajoute un travail graphique ou photographique.<\/span><\/p>\n","protected":false},"featured_media":1694,"template":"","meta":[],"product_brand":[],"product_cat":[17,50],"product_tag":[],"class_list":{"0":"post-11","1":"product","2":"type-product","3":"status-publish","4":"has-post-thumbnail","6":"product_cat-plumes","7":"product_cat-format-poche","8":"product_shipping_class-plumes","10":"first","11":"instock","12":"sale","13":"shipping-taxable","14":"purchasable","15":"product-type-simple"},"_links":{"self":[{"href":"https:\/\/atelierturut.com\/index.php?rest_route=\/wp\/v2\/product\/11","targetHints":{"allow":["GET"]}}],"collection":[{"href":"https:\/\/atelierturut.com\/index.php?rest_route=\/wp\/v2\/product"}],"about":[{"href":"https:\/\/atelierturut.com\/index.php?rest_route=\/wp\/v2\/types\/product"}],"wp:featuredmedia":[{"embeddable":true,"href":"https:\/\/atelierturut.com\/index.php?rest_route=\/wp\/v2\/media\/1694"}],"wp:attachment":[{"href":"https:\/\/atelierturut.com\/index.php?rest_route=%2Fwp%2Fv2%2Fmedia&parent=11"}],"wp:term":[{"taxonomy":"product_brand","embeddable":true,"href":"https:\/\/atelierturut.com\/index.php?rest_route=%2Fwp%2Fv2%2Fproduct_brand&post=11"},{"taxonomy":"product_cat","embeddable":true,"href":"https:\/\/atelierturut.com\/index.php?rest_route=%2Fwp%2Fv2%2Fproduct_cat&post=11"},{"taxonomy":"product_tag","embeddable":true,"href":"https:\/\/atelierturut.com\/index.php?rest_route=%2Fwp%2Fv2%2Fproduct_tag&post=11"}],"curies":[{"name":"wp","href":"https:\/\/api.w.org\/{rel}","templated":true}]}}

Âme et voisins

<p><span style="color: #c8c8c2;"><strong>de  LAURE CALÉ</strong><strong><br />
</strong></span></p>
<hr />
<ul>
<li><span style="color: #c8c8c2;">80 pages, 10/19 cm</span></li>
<li><span style="color: #c8c8c2;">Impression quadrichromie</span></li>
<li><span style="color: #c8c8c2;">Papiers Munken Print Cream 300 g / Vergé Rives 120 g</span></li>
<li><span style="color: #c8c8c2;">Reliure cousue, couverture souple à rabats</span></li>
<li><span style="color: #c8c8c2;">ISBN 978-2-9534084-0-9</span></li>
</ul>
<hr />
<p><strong><span style="color: #c8c8c8;">Entrez, chères lectrices ! entrez, chers lecteurs ! entrez dans l’antre paranoïde, entrez en chambre noire. Admirez la vue : ici, le familier, tout à trac, se détraque ; le quotidien par fric-frac se défroque ; les voisins par alliance complotent, en mauvaise et due forme. Entrez, entrez, honnêtes gens : en caméristes attendus, offrez-vous le sésame, la vision panique et panoptique du petit théâtre d’ « Âme et Voisins », dont l’œil est le bailleur.</span></strong></p>
<p><span style="color: #c8c8c8;">Laure Calé est graphiste et plasticienne. Elle est diplômée de l&rsquo;École Supérieure de l&rsquo;Image d&rsquo;Angoulême et de l&rsquo;École des Beaux-Arts de Toulouse.<br />
« Âme est voisins » est le premier volume de la collection Plumes. La collection accueille des textes courts, poèmes ou récits, auxquels s’ajoute un travail graphique ou photographique.</span></p>
